-15944 - -15938. Let v(g) be the second derivative of g**4/12 + g**3 + g. Let j be v(k). Let p(q) = -q - 7. Calculate p(j).
-7
Let n be 6/14 - (-22)/14. Let b(l) = 12*l + 40 - 8*l**n - 19 - 12 - 13 + l**3. What is b(6)?
-4
Let c(l) = -l**3 - 15*l**2 + 15*l - 9. Suppose 5*t - 15 = 0, -w - 2 - 16 = -5*t. Let k(v) = -2. Let j(i) = w*k(i) - c(i). What is j(-16)?
-1
Let i(p) = -p**2 + p + 2. Let x be i(3). Suppose 5*s - 3 = 3*r - 5, 0 = -4*s + 2*r. Let z be (x - (-4 - -1)) + s. Let g(a) = -3*a**2 + a. What is g(z)?
-2
Let x(j) = 17*j**2 - 3*j + 1167. Let q(t) = 26*t**2 - 5*t + 1868. Let b(i) = -5*q(i) + 8*x(i). What is b(3)?
53
Let b = -81 + -413. Let a = b + 747. Let j(f) = 6*f**2 - f**3 + 253 - a + 2*f. Give j(6).
12
Let g(l) = 4*l - 46. Let d be g(12). Let r(m) = -595*m + 5 + 4*m**2 + 602*m - m**d - 2*m**2. Calculate r(-8).
13
Let a(r) be the first derivative of -r**3/3 - 7*r**2/2 - r + 56. Suppose 2 + 4 = 2*b. Suppose -b*w = 3*f - 3 + 21, -18 = 3*w - 2*f. Give a(w).
5
Let t(z) = -z**3 - 9*z**2 + z + 6. Suppose 6 + 3 = -3*s. Let w(l) be the first derivative of -l**4/4 - l**3 - 9*l - 649. Let c be w(s). Determine t(c).
-3
Let j(h) be the second derivative of -h**5/120 - h**4/2 + 49*h**3/3 - h**2/2 - 61*h. Let b(q) be the second derivative of j(q). Determine b(-14).
2
Let d(f) = 3*f - 5. Let n(s) = -2*s + 15. Let u be (3 - 4)/((4/(-10))/2). Let a be n(u). Give d(a).
10
Let u(d) = -6*d - 167. Let g(v) = v**2 - 30*v + 198. Let n be g(15). Calculate u(n).
-5
Let g(b) = b**2 - 13*b + 30. Let a(j) = j**2 - 13*j + 30. Let k(i) = 5*a(i) - 6*g(i). Let t be k(6). Let n(f) = f**2 - 11*f - 9. Give n(t).
3
Let h be -7 - (31 - 22 - 5). Let r(g) = -g**3 - 8*g**2 + 35*g - 3. Calculate r(h).
-25
Let j(k) = -k**3 - k**2 - k - 27. Let h = 1705 + -1705. Determine j(h).
-27
Let v be 5 - 1 - (2 - 3). Let h(s) be the first derivative of -5/2*s**2 - 24 + 1/4*s**4 + 0*s - 4/3*s**3. Calculate h(v).
0
Let l(o) = -9*o + 2. Suppose 9*p - 6*p - 66 = 0. Suppose p = 44*f - 22. What is l(f)?
-7
Let o(n) = -5*n**3 - 12*n**2 + 18*n - 16. Let k(w) = 17*w**3 + 35*w**2 - 51*w + 47. Let c(y) = -3*k(y) - 10*o(y). Give c(13).
6
Let g be ((-33)/(-22))/((-11)/14 + 1). Let y(q) = -3*q**2 + q**3 - 5*q**2 + 4 + g*q**2 + 7*q**2 + 6*q. Let p(v) = v**2 - 4*v - 4. Let x be p(4). Determine y(x).
12
Let v(d) be the first derivative of -d**2/2 + 64*d + 8834. Determine v(9).
55
Let g(y) = -y**2 - 11*y + 13. Let m be g(-12). Let o(n) = -18*n - 30*n - 17*n + 78*n + 5*n**2 - 12*n - 1. Determine o(m).
5
Let y = -32 - -63. Suppose 9*f = 166 - y. Suppose -4*i + i = -f. Let z(p) = p**3 - 4*p**2 - 6*p + 7. Determine z(i).
2
Let w(i) = -i**3 - i**2 - 1. Let s(q) be the second derivative of q**5/4 + q**4/12 + q**3/6 + 4*q**2 + 6*q - 8. Let r(j) = s(j) + 4*w(j). What is r(2)?
2
Let r be 5 + (-24 - -5)*-3. Let k = r + -56. Let u(a) = -a. What is u(k)?
-6
Suppose 3*a = 5*g - a + 609, -2*g - 4*a = 238. Let s = g + 124. Suppose -s*z = 2*f - 0*z - 22, -z - 1 = -f. Let x(c) = c**2 - 7*c + 2. Give x(f).
-8
Let o(r) = -11*r**3 + r**2 + 9*r - 16. Let c(m) = -9*m**3 + 3*m**2 + 10*m - 16. Let d(u) = -5*c(u) + 4*o(u). Suppose -2 = 4*f - 50. Determine d(f).
-8
Let y(l) = 3*l**2 - 86 + 75 + 29*l - 19*l - 20*l. Determine y(4).
-3
Let a(f) be the first derivative of -5*f**2/2 - 13*f - 5785. Calculate a(2).
-23
Suppose 28*w - 32*w = -72. Let x be (-3 - -1)*(-27)/w. Let s(i) = -i**3 - 3*i**2 - 2*i. Let m(z) = z**2 + z. Let c(g) = 5*m(g) + s(g). Determine c(x).
0
Let w be (-2)/(-22)*-2*(-79 - -68)*1. Let i(s) = s**3 + 7*s**2 - 19*s - 1. Give i(w).
-3
Let h(w) = w + 5. Let f(u) = 2*u**2 + 12*u + 7. Let a be f(-5). Let r be a*-2*(-2 - 6/(-4)). Calculate h(r).
2
Let w(k) = 365*k + 353*k + 357*k - 1064*k + 70. Give w(-6).
4
Let b(w) = 32*w + 156. Let n(l) = 6*l + 29. Let u(v) = 2*b(v) - 11*n(v). Let r(g) = -g - 6. Let d be r(0). Determine u(d).
5
Suppose -2*j = -5*j. Suppose -4*w = -2*a - 14, -a - a + 6 = j. Let f(l) be the second derivative of -l**4/12 + 4*l**3/3 - 5*l**2/2 - 55*l. What is f(w)?
10
Let d = 15 + -20. Let z(p) = -17*p + 18*p + 338 - 350. Give z(d).
-17
Let n(k) = -1202 + k**2 + 2*k**2 + 1223 - 2*k**2 + 17*k - 8*k. Give n(-10).
31
Let q(x) be the second derivative of -x**4/12 - 3*x**3/2 - 4*x**2 + 17*x - 3. Suppose -10 = 29*k + 222. Determine q(k).
0
Let b be 11 + (-3 - (-2 - 0)). Let k = 1357 - 1350. Suppose 0 = -b*i + k*i - 6. Let c(v) = -3*v**2 - v. Calculate c(i).
-10
Suppose a = -3*c + 34 + 15, c + 197 = 3*a. Suppose -242 = 4*v + 2*x, -x + 2*x - 127 = 2*v. Let z = a + v. Let j(h) = -6*h + 3. Determine j(z).
-9
Let v(l) = -l**3 + 11*l**2 - 32*l + 16. Let t be v(6). Suppose -4*w - 43 = 5*s, 0 = t*w - 2*w + 4*s + 20. Let i(x) = x**3 + 11*x**2 - 13*x - 5. What is i(w)?
7
Let v(k) = 2*k**3 - 7*k**2 - 16*k + 9. Let l be v(7). Let a be (8/10)/((-32)/l). Let q(d) = -d**2 - 8*d + 2. Determine q(a).
14
Let x(v) = -39*v - 71. Let i be 18/24*(-16)/6. Let f be x(i). Let b(p) = p - 16. Determine b(f).
-9
Let q = -338 + 434. Suppose -q*s - 2 = -94*s. Let j(u) = -12*u**2. Give j(s).
-12
Let l(x) = x**3 - 17*x**2 + 14*x - 8. Suppose -10*w - 2*a = -13*w + 48, 2*a = 5*w - 80. Calculate l(w).
-40
Suppose -2*g - s - 7 + 26 = 0, 3*g = -3*s + 36. Let f(c) = -5*c - 49. Let w(u) = -2*u - 22. Let y(j) = g*w(j) - 3*f(j). Calculate y(3).
-4
Let i(a) = -20*a**3 - 6*a**2 - 2*a + 3. Let d be i(-1). Let b(o) be the third derivative of d*o**2 + 1/12*o**4 + 0*o + 0 - o**3. Determine b(5).
4
Let j(u) = -13*u**3 + 7*u**2 - 3*u - 6. Let o(c) = 16*c**3 - 9*c**2 + 4*c + 7. Let g(b) = 6*j(b) + 5*o(b). Calculate g(2).
7
Let n(c) = 673 + 39*c - 4*c**2 - 30*c - c**3 - 671. Give n(-6).
20
Suppose -1824 = 13*z + 1179. Let m be z/30 + 3/(-10). Let w(a) = a**2 + 4*a - 4. Determine w(m).
28
Let k(l) = -5*l + 40. Suppose -50*b + 46*b = -j - 25, -32 = -5*b + 2*j. What is k(b)?
10
Let j(b) be the first derivative of -b**4/4 - 3*b**3 - 5*b**2/2 - 47*b + 1002. What is j(-9)?
-2
Let u(s) be the third derivative of s**6/120 - 2*s**5/15 + s**4/24 - s**3/6 - 1891*s**2. Let p(m) = m**3 + m**2 - 3*m + 2. Let l be p(2). What is u(l)?
7
Suppose -3*g - 2*g - v - 200 = 0, -4*v - 20 = 0. Let m be (-12)/78 - (-111)/g. Let h(p) = -p**3 - 2. Determine h(m).
25
Let w(o) = 5*o**2 + 4*o - 5. Let j = -372 + 374. Let n(a) = -3*a**2 + a. Let g(r) = j*n(r) + w(r). Determine g(6).
-5
Suppose 2992 - 3433 = -63*a. Let q(i) = -i**3 + 6*i**2 - 4*i + 1. Let s(b) = b**3 - 5*b**2 + 4*b - 1. Let r(d) = -3*q(d) - 2*s(d). Calculate r(a).
-22
Let c(b) = b**3 + 4*b**2 - 6*b. Let r = -90 + 95. Suppose 3 = -z - 0*k - 4*k, -4*k - 33 = -r*z. Suppose 0 = s + z, 2*x = 2*s - 6*s - 30. Calculate c(x).
5
Let l(a) be the third derivative of -a**6/120 - 3*a**5/20 + a**4/3 + 5*a**3/2 + 402*a**2 + 2*a. Calculate l(-10).
35
Let i(g) = -3*g + 1. Let l(r) = r**2 + 4*r - 3. Let b be l(-5). Let y be i(b). Let x(n) = -n**3 + 207752 + 6*n - 207752 - 4*n**2. What is x(y)?
-5
Let n(z) = -3*z + 186. Let r be n(-24). Let a(d) = 519*d - 256*d - r*d + 2. What is a(-2)?
-8
Let y(r) be the second derivative of r**5/60 + r**4/24 + 7*r**3/6 - 129*r**2 - 196*r. Let b(o) be the first derivative of y(o). Determine b(0).
7
Let i(o) = 2*o**3 - 5*o**2 - 3*o + 5. Let g = 394 - 396. Let n(t) = -2 + t**3 - t**3 + t - t**3 + 3*t**2. Let m(x) = g*i(x) - 5*n(x). Give m(5).
5
Let a(g) = 2*g**2 + 11*g - 4. Let n(d) = -d + 1. Let q(u) = -a(u) - 5*n(u). Let x be (-105)/90 - ((-92)/30)/((-140)/175). Give q(x).
-21
Let o = -3513 + 3525. Let v(g) be the first derivative of 2/3*g**3 - o + g + 3/2*g**2. What is v(3)?
28
Let k(y) be the first derivative of -11*y**2 - 2*y - 1116. What is k(-2)?
42
Let y(d) be the second derivative of -d**5/20 - d**4/2 + 17*d**3/6 + 31*d**2 + 4208*d. Determine y(-7).
-8
Let i(t) be the second derivative of -t**3/6 + 9*t**2 + 6*t. Suppose -88 + 112 = 3*k. Calculate i(k).
10
Let a(q) = -q**2 + 37*q + 87. Let f be a(39). Suppose -2*v - v + 2*y = f, 6 = -2*y. Let w(j) = -6*j - j**3 - 3 + 2 + 2*j**3 + 4*j**2. Calculate w(v).
4
Suppose -13*j + 1537 = 1446. Let r(f) = -2*f**3 + 13*f**2 + 10*f - 11. What is r(j)?
10
Let m(l) be the third derivative of -l**4/4 - 35*l**3/6 + l**2 + 2*l. Let k(u) = 2*u + 12. Let b(g) = -8*k(g) - 3*m(g). Give b(-7).
-5
Let u(h) = -h**3 - 9*h**2 - 7*h + 7. Suppose -7*l - 481 = 2095. Let f be 